-5?
-4b69b8
In base 10, what is 94 + -27074?
-26980
In base 8, what is 45042531 - 12?
45042517
In base 14, what is -38d368 + 0?
-38d368
In base 9, what is 43237 + 1631?
44868
In base 6, what is 224010 - -124004?
352014
In base 4, what is 10112033 - -103232?
10221331
In base 2, what is 1001001101110101001110011001 - -11?
1001001101110101001110011100
In base 11, what is 80472650 + 4?
80472654
In base 7, what is -1231362544 + -5?
-1231362552
In base 16, what is 30da + -c8?
3012
In base 5, what is -1 - 30144443432?
-30144443433
In base 12, what is 10095b + 126?
100a85
In base 9, what is 1 + -1145207?
-1145206
In base 11, what is -15 + a1564?
a154a
In base 9, what is 388581 + -367?
388213
In base 2, what is -100111 + -101110111110001?
-101111000011000
In base 9, what is -2 + 5646042?
5646040
In base 11, what is 2624a + 362?
26601
In base 12, what is 60472 + 4?
60476
In base 8, what is -311231 + 2236?
-306773
In base 7, what is -116 - -2055605?
2055456
In base 6, what is -122130002 + 1?
-122130001
In base 14, what is 1a72 + c375?
10007
In base 7, what is 100 - -343304544?
343304644
In base 15, what is 209 + -7d3de?
-7d1d5
In base 3, what is 1002222 + -102220101?
-101210102
In base 15, what is 7c9 - 7e2e2?
-7da18
In base 14, what is 17 + -27c250?
-27c237
In base 8, what is 46235 - 3412?
42623
In base 5, what is -10 + -34403102?
-34403112
In base 12, what is 3900 + 19a7?
56a7
In base 13, what is 0 - 65a93c4?
-65a93c4
In base 10, what is 1232548959 - -1?
1232548960
In base 7, what is -10424560 + -10?
-10424600
In base 15, what is -1 - -1cec7ad?
1cec7ac
In base 14, what is 220 + 10d92?
111b2
In base 14, what is 1841cc - 3?
1841c9
In base 7, what is -2412133 + 2513?
-2406320
In base 5, what is -23112023214 - 2?
-23112023221
In base 11, what is a7a - 19189?
-1820a
In base 7, what is -261060 - 405?
-261465
In base 13, what is -2329c0 + 14c?
-232871
In base 2, what is -101100100101000111100110000 + -10?
-101100100101000111100110010
In base 9, what is 3883412 + -6?
3883405
In base 8, what is 206402 + 114?
206516
In base 10, what is 12 + 1818059?
1818071
In base 5, what is -1041 - 1130343?
-1131434
In base 10, what is -44466 + 6216?
-38250
In base 15, what is 6 - -2470cd5?
2470cdb
In base 16, what is -85304 - -1e3?
-85121
In base 11, what is -2 + 23a9a13?
23a9a11
In base 2, what is 100010010100000111 + -1100001110?
100010000111111001
In base 14, what is 1037c + da?
10478
In base 3, what is 220211120021 - -120?
220211120211
In base 13, what is 6457b + 62?
64610
In base 12, what is 38a3 + 68b6?
a599
In base 9, what is 21433758 - 7?
21433751
In base 2, what is -1110 - -1101100101001011011010?
1101100101001011001100
In base 10, what is 52262 - 54?
52208
In base 14, what is -843 + 2b14?
22b1
In base 6, what is 24 - -1034514032?
1034514100
In base 10, what is 3 + -22790940?
-22790937
In base 15, what is 3669a + 53?
366ed
In base 15, what is 0 + -451d7?
-451d7
In base 10, what is 6480260 - -13?
6480273
In base 8, what is -214 - -21276?
21062
In base 8, what is -36 + -446065?
-446123
In base 8, what is 237315 + -1?
237314
In base 3, what is 112002200200 + 200001?
112010100201
In base 15, what is -218 + 30e5a?
30c42
In base 9, what is -2311 - 24432?
-26743
In base 16, what is -a19f2e - -4?
-a19f2a
In base 16, what is -10 - 18960?
-18970
In base 7, what is -5342233 + 12?
-5342221
In base 3, what is -11 - -120110021021102002?
120110021021101221
In base 4, what is 2012330232120 - 10?
2012330232110
In base 4, what is 10003033 - 331323?
3011110
In base 6, what is 113 + 135311351?
135311504
In base 9, what is 15 - 104871882?
-104871866
In base 6, what is 40050 - -44255?
124345
In base 10, what is 14056389 - 1?
14056388
In base 16, what is -123b21 - 439?
-123f5a
In base 11, what is 90384828 - 2?
90384826
In base 13, what is -4 + 7aca558?
7aca554
In base 7, what is 325110550 + 3?
325110553
In base 12, what is -187a2a7 - b?
-187a2b6
In base 8, what is 1403640 + -123?
1403515
In base 15, what is -1208 + -3a79?
-4c82
In base 4, what is 302212221 - 3011?
302203210
In base 5, what is 1 + 4121422231?
4121422232
In base 13, what is -6b39 - 64?
-6ba0
In base 5, what is 2 + -4231220210?
-4231220203
In base 10, what is -1 + -11152961?
-11152962
In base 7, what is 242204 + 204?
242411
In base 7, what is 210616536 - -2?
210616541
In base 7, what is -15115 + 1443?
-13342
In base 6, what is 4 + -211144335?
-211144331
In base 5, what is 144 + 1010420340?
1010421034
In base 6, what is 3443 + -423245?
-415402
In base 14, what is 868246 - -1?
868247
In base 4, what is -123330 + 312213?
122223
In base 3, what is 2102101 + 100011212?
102121020
In base 5, what is 12003 - -10231431?
10243434
In base 12, what is 12730597 + -2?
12730595
In base 11, what is -180413 - 1729?
-182041
In base 12, what is -31809b0 + 0?
-31809b0
In base 7, what is 3 - -23125443?
23125446
In base 3, what is -12 + -20112212112110?
-20112212112122
In base 15, what is -19b - -1341b?
13270
In base 6, what is -4531341311 + 1?
-4531341310
In base 12, what is 6682903 + -3?
6682900
In base 12, what is b794196 - 1a?
b794178
In base 16, what is -5 - -d966741?
d96673c
In base 10, what is -41574100 - -5?
-41574095
In base 13, what is -37 - -4b70722?
4b706b8
In base 8, what is 10 - 6333503?
-6333473
In base 5, what is 4011 - 114312441?
-114303430
In base 10, what is 172042 - 33?
172009
In base 3, what is 12120201222022 - -1222?
12120202001021
In base 2, what is -1 + -10000111101111001001?
-10000111101111001010
In base 6, what is 5501 - -40122?
50023
In base 8, what is -21363711 + -5?
-21363716
In base 15, what is 448d + 838?
4cc6
In base 11, what is -263 - a100?
-a363
In base 3, what is -10 + -101000110110010?
-101000110110020
In base 13, what is -a + 5a34c?
5a342
In base 10, what is 27689568 - -3?
27689571
In base 8, what is 37 + -31445632?
-31445573
In base 15, what is -1a2d - 5725?
-7253
In base 16, what is 8 + 332c74d?
332c755
In base 6, what is -3 - 14402140?
-14402143
In base 13, what is 627 + -5676?
-504c
In base 10, what is 136 - -779105?
779241
In base 5, what is 1443403 + 2044?
2001002
In base 10, what is 3 + -1408719?
-1408716
In base 10, what is 1 + -42157637?
-42157636
In base 8, what is 11716114 + -7?
11716105
In base 16, what is -1d + -117837?
-117854
In base 10, what is -451384 + 563?
-450821
In base 14, what is 9b17c4 + 2?
9b17c6
In base 9, what is 112405 + 65?
112471
In base 15, what is 57216 - 12?
57204
In base 11, what is 34 - 125986?
-125952
In base 2, what is -10110110111100110110 - 1100?
-10110110111101000010
In base 12, what is -1aaab - 6a3?
-1b592
In base 5, what is 13403 - -323?
14231
In base 11, what is 4083 + 1186?
5259
In base 2, what is 11 + -101011100101001111100?
-101011100101001111001
In base 15, what is -8e + -1009?
-1098
In base 10, what is -7 - 77085529?
-77085536
In base 12, what is -553 + -18362?
-188b5
In base 15, what is 10052065 + -7?
1005205d
In base 13, what is -c4034 + -444?
-c4478
In base 10, what is 61 + -148521?
-148460
In base 2, what is -11000000000100101 + -10010110?
-11000000010111011
In base 9, what is -14 - -3577427?
3577413
In base 3, what is 2011120 + -10202222?
-1121102
In base 3, what is -11 - 1022012212000022?
-1022012212000110
In base 6, what is -10122155051 + -2?
-10122155053
In base 13, what is -2185 + 8cb?
-1587
In base 6, what is -314 - 12020222?
-12020540
In base 11, what is -236762 - -68?
-2366a5
In base 5, what is 1132 + -1143320311?
-1143314124
In base 15, what is 3036 + -964?
25c2
In base 7, what is -450232 + -3506?
-454041
In base 5, what is -2102143330 - -14?
-2102143311
In base 4, what is -130113 + -1112201?
-1302320
In base 9, what is 2 - 11478803?
-11478801
In base 16, what is -17f2d + 1b?
-17f12
In base 7, what is 3 - 1001110335?
-1001110332
In base 12, what is 1259 + 3140?
4399
In base 10, what is -5 + 14120169?
14120164
In base 16, what is 6 + -26c9e1?
-26c9db
In base 8, what is -1055 - 37010?
-40065
In base 6, what is -5 - -142050420?
142050411
In base 12, what is 76 - -17a64?
17b1a
In base 10, what is 53022 - -9?
53031
In base 10, what is 27415 - 642?
26773
In base 13, what is 2463 - 193?
22a0
In base 15, what is -a58a + 1b3?
-a3c7
In base 6, what is 0 - 3150114421?
-3150114421
In base 12, what is -5347 - 392?
-5719
In base 16, what is -2c7d + 678?
-2605
